+ 10)?
0
Calculate 2 + -6 + (6 - -1).
3
Calculate 2 + -2 + (-6 + 4 - -4).
2
-8 - (-12 - -6 - -2)
-4
Evaluate 8 - (15 + -5 + 0).
-2
What is 0 - -3 - (2 - -1)?
0
What is the value of (0 - -4) + -6 + -3?
-5
What is (-37 - -42) + (0 - 4)?
1
Calculate 2 - -1 - (3 - (3 + -5)).
-2
Evaluate -18 - -13 - (3 - (2 - 3)).
-9
Evaluate -1 - 0 - (-10 + 12).
-3
What is (0 - (10 + -7)) + 3?
0
Evaluate 1 - (2 - 1) - (25 + -25).
0
Calculate 0 + 4 + (13 - 16).
1
Calculate -8 - ((-7 - -1) + 2).
-4
-4 + 2 - (3 + 0)
-5
0 - (-2 + 9 - 2)
-5
Calculate 0 + (-4 - -4) + 3.
3
What is the value of 12 + -4 + -4 - 6?
-2
Calculate 2 + 1 + 0 + -2.
1
Evaluate 2 + 6 + 0 + (-7 - -3).
4
What is 2 - ((-4 - 2) + 15 + -13)?
6
What is the value of -5 - (-6 + 3 + -6)?
4
What is the value of 0 - (6 + -15 + 8)?
1
What is 5 + -1 + -4 + 2?
2
What is -2 + (0 - 4) + (-4 - -6)?
-4
What is the value of 3 + 0 - (-4 - -13) - 0?
-6
Evaluate (-5 + 5 - -5) + (-7 - -3).
1
Calculate 0 + -4 + -4 + (4 - -1).
-3
What is -1 + (2 - (1 - 3))?
3
0 + -4 + 6 + -3 + -3
-4
What is (-7 - -5) + 1 + 2 - -3?
4
Calculate 1 + (3 - (-7 + 5) - 5).
1
Evaluate (-3 - 0) + 2 + -1.
-2
What is the value of (-5 - 0) + -26 + 32?
1
What is the value of 17 + -13 - (3 - 0)?
1
What is (-7 - -4) + (0 - 0) - -3?
0
Calculate -2 + (-5 - -3) - -2 - 2.
-4
What is 24 - 18 - (-6 - -7)?
5
What is the value of 1 - 2 - (-5 + 4)?
0
Calculate 1 - -1 - -5 - (10 - 2).
-1
What is the value of (6 - 2) + 6 - 4 - 3?
3
What is 10 + (12 - 15) - 10?
-3
What is -7 + -2 + 2 - (-29 - -27)?
-5
What is 4 + -1 + 0 + -1?
2
Calculate 10 + -12 - (3 - 2).
-3
What is the value of -4 + (-7 - -4) + (-3 - -4)?
-6
Calculate 3 + (-2 - 1 - (-2 - -1)).
1
Evaluate -5 + (0 - -9) - 0.
4
What is the value of 10 - 16 - (0 + -5 + 0)?
-1
Evaluate (3 - -4) + -4 - 0.
3
What is (1 - 20 - -18) + (-6 - 1)?
-8
What is -3 + 4 - (-19 + 18)?
2
-2 - (1 + (-3 + 3 - -1))
-4
What is the value of -2 + 0 + -1 + 5?
2
What is 2 + 2 + -12 + (9 - 5)?
-4
What is the value of -3 - -5 - 3 - (-2 - -2)?
-1
Evaluate -17 - (-4 + 3) - (-24 + 16).
-8
Evaluate 50 + -46 - (5 + -1).
0
What is -2 + (-6 - 0) + -13 + 16?
-5
Calculate 11 + -2 - (0 - (4 + -8)).
5
What is 5 + -6 - (-1 - -3)?
-3
Calculate 0 + -3 + 5 + (-2 - 1).
-1
What is (-9 - -11) + (-2 - -1)?
1
What is 1 + (-5 - (2 + 0 + -4))?
-2
Evaluate -13 + 2 - (92 + -100).
-3
What is the value of -11 - ((1 - -5 - 5) + -7)?
-5
Calculate 8 + 0 + -3 + -8.
-3
Calculate 3 + 0 + -2 + -6.
-5
(-3 - (3 + -1 + -3)) + -3
-5
What is -3 - (-6 + (5 - 1))?
-1
What is the value of 1 + (-3 - (3 - 6))?
1
-5 + (-8 - (-9 - (8 + -5)))
-1
2 - ((-3 - 1) + -1 + 4)
3
Evaluate (3 - -1) + -1 + -3 + -1.
-1
Evaluate 5 - (13 - (7 - -4)).
3
Evaluate 0 + 2 - -1 - (47 + -49).
5
What is (-6 - -4) + 2 - (-1 + 0)?
1
Calculate (3 - (0 - -3)) + 1.
1
What is 10 - (2 + 1 + 3)?
4
Calculate (-10 - ((-11 - -3) + 3)) + -6.
-11
(18 - 25) + (5 - 1) - -2
-1
What is -4 + 3 - (-5 - -3)?
1
(1 - 5) + 2 + 3 + 2
3
4 + 0 + 3 + -6
1
What is (-2 - (0 + -3 + 4)) + 7?
4
-1 + 2 + -6 + (1 - 6)
-10
(-3 - 0) + 3 + -2 + 7
5
Evaluate 9 - (4 - (-10 + 3 + 10)).
8
Calculate (-1 - 2) + 39 + -30.
6
(3 - -9) + (19 - 24)
7
Evaluate -5 + 0 + (-5 - -2).
-8
6 - 1 - 6 - 4
-5
Calculate 1 + 7 + (-16 - (-9 - 4)).
5
Calculate 5 + 4 - (7 - 1).
3
What is (-13 - (-15 - -4)) + (-2 - 0)?
-4
(-6 - (-1 - 3 - -1)) + -2
-5
Calculate 7 + 1 + -7 + -4.
-3
What is 0 - -2 - (13 + -14 - 4)?
7
What is the value of -3 - 0 - (18 + -24)?
3
What is -1 + -5 + (7 - 1)?
0
What is -8 + -11 + 9 - -18?
8
What is the value of 0 - 0 - (-13 + 20 + -10)?
3
-3 - 0 - (-4 + 12 + -5)
-6
Calculate 2 + (-8 - (4 + -4 - 6)).
0
Calculate (1 + -3 - 4) + -2 + 5.
-3
What is -11 + 10 + (0 - 3) + 1?
-3
Calculate 7 - (-5 - -7 - 4) - 2.
7
Calculate 103 + -104 + (10 - 2 - 1).
6
Calculate (-1 - -2) + -36 + 34.
-1
0 - (3 + -2 + 1)
-2
Evaluate 4 - 2 - 3 - (2 + 0).
-3
Calculate (-8 - -2) + 1 - -12.
7
-2 - (-13 - -6) - 6
-1
What is -6 - -3 - (-2 - -4)?
-5
Calculate -4 + 3 + 3 + (-2 - -1).
1
Evaluate 4 + 2 + -4 - (-2 + 1).
3
What is (0 - 2) + -6 + 5?
-3
(-5 - 0) + 6 + -6 - -2
-3
What is the value of 1 + 1 + -29 + 31?
4
What is the value of -3 - (-3 - (-6 + 0))?
-6
-5 + -5 + 7 + (0 - -2)
-1
-3 - (-9 + -1 - (-29 - -28))
6
What is (-1 - 7) + (-236 - -253)?
9
What is the value of -1 - 2 - ((-2 - -11) + -10)?
-2
Calculate -9 + 12 + -2 + 3.
4
Calculate 4 - (-3 + 5 + 3 + -5).
4
What is the value of -105 + 114 + (-2 - 6)?
1
Evaluate 10 + (-9 - -4) - 2.
3
Calculate 0 - (4 + -5 + (-5 - -8)).
-2
Evaluate (2 - (6 - -1)) + 17 + -13.
-1
Evaluate (-2 - 0) + -10 + 7 + 2.
-3
What is the value of -4 + -4 + (0 + -6 - -11)?
-3
What is the value of (3 - (-5 + 7)) + 1 + 4?
6
What is (-3 - -3) + -2 + 3?
1
What is (5 - 7) + -6 + 5?
-3
What is (-2 - -1) + (-1 - (-2 - -1))?
-1
(0 - 3) + (0 + 5 - 3)
-1
What is the value of -7 - ((-5 - 0) + 21 + -15)?
-8
What is (-2 - -2) + (1 - -2)?
3
Evaluate 9 + 2 + (-12 - -5).
4
What is the value of (0 - 1) + 42 + -42?
-1
Evaluate 3 + (-6 - -10 - 5).
2
Calculate (-22 - (3 + -24)) + -1 + 7.
5
Evaluate 68 - 68 - (-6 - 2).
8
Evaluate (-1 + 10 - 6) + -6.
-3
(1 - (-2 + (2 - 1))) + -4
-2
Calculate 1 + 11 + (-102 - -100) + -4.
6
Calculate (-3 - (-9 + 8)) + 5.
3
Calculate 3 + (-1 - 1) + 10 + -8.
3
Evaluate 0 + (-1 - 2 - -5).
2
What is 2 - 2 - (2 + 1)?
-3
What is the value of 2 - -1 - (-2 - -6 - -2)?
-3
What is the value of 11 + (-2 - 2) - 7?
0
What is -2 + -1 + -4 + 5 + 7?
5
Evaluate -1 - ((1 - -5) + -2).
-5
What is the value of (-9 - (1 + -4)) + 16 + -8?
2
(-2 - 2) + -1 + (-2 - -2)
-5
Calculate -14 + 2 - (3 + -8).
-7
-4 - (3 + 0 + -3)
-4
Evaluate -5 + 2 + 3 - -3.
3
Evaluate 8 + -2 + -11 + 10.
5
11 + 7 + -10 + -3
5
What is -1 + (-1 - -3) + -10 + 4?
-5
-1 + 4 - (29 + -26)
0
What is the value of -3 + 3 + -4 + 5 + -5?
-4
(8 + -5 - 2) + 3
4
Calculate (1 + 0 - 5 - -3) + 2.
1
Evaluate -1 - (8 - (11 + -6)) - 3.
-7
What is the value of (-17 + 3 - -2) + 8?
-4
What is the value of 4 - 1 - 10 - (-1 + -1)?
-5
What is 2 + -6 + 7 + 3 - 10?
-4
Calculate (2 - -2) + -6 + 2 - -2.
2
Evaluate 1 - (9 + -4 + -7).
3
1 + 6 + -3 - 7 - -6
3
Evaluate 1 + 8 - ((12 - 10) + 0).
7
-2 - (2 + -1 + -1 + -1)
-1
Evaluate -5 + 8 - ((4 - -1) + 0).
-2
What is the value of (7 - (-1 + 5)) + 4?
7
Calculate 3 - (5 + (0 - -2)) - 0.
-4
(6 - 2) + -4 + 0
0
Calculate -5 + 3 + 16 - (10 - 4).
8
3 + (-3 - -3) + -2 - 0
1
3 - 14 - (-4 - 9)
2
Calculate -2 + (3 - (-3 + 4)) - -3.
3
What is 2 - 7 - (-23 - -20)?
-2
Calculate (-6 - -7) + 6 + -13.
-6
Evaluate (0 + -9 - -8) + (1 - 6).
-6
What is -2 + (-13 - -18) + (-1 - 1)?
1
What is the value of (-7 - -12) + 1 + -1?
5
Calculate 4 + 2 + -6 + 0 + 2.
2
Calculate 4 - (6 - ((2 - 2) + -1)).
-3
(-8 - -3) + (-14 + 5 - -13)
-1
What is -44 - -32 - (2 - 5 - 6)?
-3
-2 - (-2 - (6 - 10))
-4
Evaluate -21 + 30 - (3 + 1) - 1.
4
What is the value of 0 + (6 - 4) + (0 - -1)?
3
What is the value of (-4 - (1 + 5 + -9)) + 4?
3
What is the value of (-6 - -29 - 10) + -22?
-9
Calculate 1 - (4 - (0 - -1)).
-2
Calculate 2 + 3 + 2 + 0.
7
Evaluate 5 - (2 - (1 - 3)) - 2.
-1
3 + 1 + -1 + -4
-1
What is 2 - 6 - (2 + -7)?
1
Evaluate 7 + 8 + -7 + -11.
-3
Calculate 0 + 13 + -1 + -22.
-10
What is (-1 - -1) + -1 - (19 - 20)?
0
Calculate -4 + -2 + 6 - -4 - 8.
-4
3 - ((0 - -5) + -5)
3
(-6 - -10) + 2 + -4
2
What is the value of -2 + 0 + 1 + -7 + 6?
-2
What is 64 + -59 - (-1 + 2 - -1)?
3
Evaluate 1 - (-6 + 9 + -3).
1
What is -3 - (-5 - -2) - -2?
2
Calculate -2 + (-1 - -1) + 16 + -13.
1
What is the value of -1 - ((-8 - -8) + (1 - -2))?
-4
Evaluate -9 + (24 - 7 - 7).
1
What is 2 + -3 + 2 + -3 + 0?
-2
Evaluate -1 + 1 - (-16 - (0 - 10)).
6
Evaluate 3 - ((10 - (-2 + 7)) + -8).
6
What is the value of -3 + -1 + (7 - 5)?
-2
Calculate -4 - -6 - 2 - (2 - -2).
-4
What is -1 + (-1 - 1) + 7?
4
1 - (-2 + (8 - 6) + 8)
-7
Calculate 1 - (-4 - -10 - 5).
0
What is 1 - 6 - (-17 - -17)?
-5
Evaluate (-1 + -2 - 7) + 8.
-2
What is (0 - -10) + -12 + 7 + -12?
-7
What is the value of 0 - (-9 - -12) - -2?
-1
What is 11 + -4 + -6 + -3 + 6?
4
What is 3 + 0 + 6 + (-14 - -4)?
-1
Evaluate 0 - ((-8 - -4) + 0) - 2.
2
Calculate (2 - (0 + -7)) + -7.
2
What is the value of 5 + (-13 - (2 - 5))?
-5
6 - 2 - (6 + -3 - 1)
2
What is -13 + 25 + -6 + -12?
-6
0 + 2 + 4 + -2
4
Calculate (-12 - -4 - -4) + 4 + -5.
-5
What is the value of (-57 - -63) + (0 - 9)?
-3
What is 33 + -36 